
Is 14088586757 a prime number?
False
Is 9524454239 composite?
False
Is 31708812847 composite?
False
Is 199317737 prime?
False
Is 21709842449 a composite number?
False
Is 2511442663 a prime number?
True
Is 13543022963 a prime number?
True
Is 1014422853 prime?
False
Is 5908455782 prime?
False
Is 130897141 prime?
True
Is 358833853 a prime number?
False
Is 4684318619 a composite number?
False
Is 53294832109 a composite number?
True
Is 46406597833 composite?
False
Is 887014301 prime?
True
Is 349642289 a prime number?
False
Is 938571539 a prime number?
False
Is 4659410719 prime?
True
Is 14812249 a composite number?
False
Is 300649982 prime?
False
Is 128998657687 prime?
True
Is 25821819277 prime?
False
Is 61261172371 a composite number?
True
Is 38852907133 a composite number?
False
Is 613680869 a prime number?
True
Is 3176174737 a composite number?
False
Is 669454267 prime?
False
Is 2553250499 composite?
False
Is 78526779407 prime?
True
Is 14875329815 prime?
False
Is 2529021601 a prime number?
True
Is 410278487 a composite number?
True
Is 2483263859 a prime number?
True
Is 154297357 a composite number?
False
Is 792367283 a composite number?
False
Is 24457767947 a composite number?
False
Is 1487533001 a composite number?
False
Is 160145789 composite?
False
Is 421466129 composite?
True
Is 58457364829 composite?
True
Is 22452641537 composite?
False
Is 1532859323 composite?
False
Is 385474897 composite?
True
Is 17242767901 a prime number?
True
Is 542548291 composite?
False
Is 5809459727 a prime number?
True
Is 1480577759 a prime number?
True
Is 50292242447 a prime number?
False
Is 7240961557 a composite number?
True
Is 3519540062 composite?
True
Is 88103735 prime?
False
Is 920496883 a composite number?
False
Is 892444127 prime?
False
Is 8826246899 a prime number?
False
Is 26895197711 a prime number?
True
Is 154749477 composite?
True
Is 28003733947 composite?
True
Is 91020899243 a prime number?
True
Is 5949318727 prime?
False
Is 3145754503 a prime number?
False
Is 26626963477 composite?
False
Is 4091841107 a prime number?
True
Is 6442544603 prime?
False
Is 7954846313 a composite number?
True
Is 162898027153 prime?
True
Is 4909892051 a prime number?
True
Is 10718680933 composite?
False
Is 6221950939 a composite number?
False
Is 56603596223 a prime number?
False
Is 72970661929 prime?
False
Is 7027319693 a composite number?
False
Is 347893530931 composite?
True
Is 489826123 a composite number?
False
Is 178357419613 a composite number?
True
Is 84267433 composite?
False
Is 120104926661 a prime number?
False
Is 157216351 prime?
False
Is 23004671531 composite?
True
Is 1668395089 prime?
True
Is 46506434477 prime?
True
Is 4852569529 composite?
False
Is 2055219757 a composite number?
False
Is 1864389673 composite?
False
Is 754660339 composite?
True
Is 1347235271 a composite number?
False
Is 25595206979 composite?
False
Is 2279083003 a composite number?
True
Is 280761199 a prime number?
False
Is 56390583167 a prime number?
True
Is 31137083 prime?
True
Is 12533175637 a prime number?
False
Is 165703283 composite?
True
Is 710935579 prime?
False
Is 16529685357 prime?
False
Is 1709941427 prime?
False
Is 79793680801 a composite number?
True
Is 26608897577 composite?
False
Is 548704843 a composite number?
True
Is 10188095459 a prime number?
True
Is 7375142153 composite?
False
Is 8204279953 a composite number?
True
Is 68331367679 composite?
False
Is 8942845061 prime?
False
Is 1500418019 composite?
True
Is 4972669931 a prime number?
False
Is 8283726197 a composite number?
False
Is 302906532241 a prime number?
False
Is 4627022327 a composite number?
False
Is 36861757661 a composite number?
False
Is 4210329217 prime?
True
Is 464525833 a composite number?
True
Is 46756885277 composite?
True
Is 1383941873 a prime number?
False
Is 1561770313 a composite number?
True
Is 4348696921 a prime number?
True
Is 316586581 a prime number?
True
Is 134433311 prime?
False
Is 15941829791 prime?
True
Is 24166148723 prime?
True
Is 3456209758 composite?
True
Is 6240495419 a composite number?
False
Is 1788430597 prime?
False
Is 22825588409 prime?
False
Is 2250238807 a prime number?
True
Is 2453128229 prime?
True
Is 73940263585 a composite number?
True
Is 41004836089 composite?
True
Is 10081277183 a prime number?
False
Is 18399069614 composite?
True
Is 901951 a composite number?
True
Is 235702058807 composite?
False
Is 127839521 a composite number?
False
Is 27727422857 prime?
False
Is 8972025991 a prime number?
True
Is 37236855421 a prime number?
False
Is 2612041 composite?
True
Is 877133329 prime?
True
Is 4151103881 prime?
True
Is 1156713793 prime?
False
Is 1842245957 composite?
True
Is 764900135 a prime number?
False
Is 598063129 composite?
True
Is 28703501147 prime?
False
Is 2953842379 a composite number?
False
Is 20095787821 composite?
False
Is 38895744301 prime?
False
Is 5295383683 a prime number?
False
Is 156551281 composite?
False
Is 2956087523 composite?
True
Is 48479998999 a composite number?
True
Is 55692898 a prime number?
False
Is 102199439 composite?
True
Is 563257027 a composite number?
False
Is 187428113 a composite number?
False
Is 1235536723 composite?
True
Is 711624769 prime?
True
Is 64173900067 prime?
False
Is 122016151 prime?
False
Is 7863838453 a prime number?
True
Is 23391755111 composite?
False
Is 2750516639 a composite number?
True
Is 143138713 prime?
False
Is 181457087711 prime?
True
Is 18771722839 a composite number?
True
Is 2988495463 prime?
True
Is 870587363 a prime number?
True
Is 26381451553 a prime number?
False
Is 536555927 composite?
True
Is 61127924893 a prime number?
False
Is 1616758601 a prime number?
False
Is 2708499223 prime?
True
Is 23155477091 a prime number?
True
Is 6389339261 a composite number?
True
Is 426725885 prime?
False
Is 4034113007 composite?
True
Is 11832772337 prime?
False
Is 445166606 composite?
True
Is 6487654891 a composite number?
True
Is 20019043367 a composite number?
False
Is 16105969247 a prime number?
True
Is 3604458799 prime?
True
Is 23017830571 a composite number?
False
Is 8154378647 a composite number?
False
Is 2448884419 a composite number?
True
Is 922175986 prime?
False
Is 114666104199 composite?
True
Is 2494820609 composite?
False
Is 24050847901 prime?
True
Is 377964029 a prime number?
True
Is 8375212999 a prime number?
True
Is 2300195399 prime?
False
Is 64231373083 composite?
False
Is 2641313 a prime number?
True
Is 66252832799 prime?
True
Is 473269139 a composite number?
True
Is 18740525381 prime?
False
Is 21215460489 composite?
True
Is 38857144013 a composite number?
False
Is 6509973559 prime?
True
Is 2397672811 a composite number?
True
Is 265148519 a prime number?
True
Is 2203428134 a prime number?
False
Is 4233218894 a prime number?
False
Is 204541174067 composite?
True
Is 51871059827 a prime number?
True
Is 3397375109 composite?
True
Is 10646371843 a prime number?
True
Is 5306350997 composite?
True
Is 2840866333 a prime number?
False
Is 11138044663 prime?
False
Is 5572291061 composite?
False
Is 320466841 composite?
True
Is 46204242683 prime?
True
Is 33898932149 a composite number?
True
Is 5829560155 a prime number?
False
Is 2710746809 prime?
False
Is 1839030262 a prime number?
False
Is 644077679 a composite number?
True
Is 1103145689 a composite number?
False
Is 12503844241 a composite number?
True
Is 4723373843 a prime number?
True
Is 1168695259 a prime number?
True
Is 45745327373 prime?
True
Is 274148743 prime?
False
Is 12988159901 a prime number?
True
Is 7315819799 prime?
True
Is 33710993 prime?
True
Is 9475605773 prime?
True
Is 2565614389 a prime number?
False
Is 37153469477 composite?
True
Is 8015644621 composite?
False
Is 1745285429 prime?
False
Is 1679459543 a composite number?
False
Is 80167933 prime?
True
Is 4468725071 prime?
False
Is 10138218023 a composite number?
False
Is 27667826257 composite?
False
Is 899334031 a composite number?
True
Is 13428362393 a prime number?
True
Is 69535633 a prime number?
True
Is 537470299 composite?
False
Is 52137415453 composite?
False
Is 538753253 composite?
False
Is 86054097093 composite?
True
Is 1527784823 a composite number?
True
Is 22743906649 composite?
True
Is 4869628849 composite?
True
Is 79652768011 composite?
False
Is 12451929145 prime?
False
Is 2981172263 a composite 